-15?
-204313
In base 3, what is 1 + 21212200220?
21212200221
In base 13, what is 0 + -a365?
-a365
In base 7, what is -1 + -3630642?
-3630643
In base 8, what is 40 - 1461?
-1421
In base 15, what is a - -45b7?
45c2
In base 6, what is -2451 - -30?
-2421
In base 15, what is -d4 - -181e?
173a
In base 4, what is 11 + -10103030?
-10103013
In base 11, what is 109146 + 4?
10914a
In base 13, what is -1113a + -4?
-11141
In base 16, what is 13e4 - -2c?
1410
In base 4, what is -10033120 - -11?
-10033103
In base 9, what is -625 - 4?
-630
In base 13, what is 537b - 3?
5378
In base 2, what is -110001000 - -11111111?
-10001001
In base 9, what is -25144 - 3?
-25147
In base 16, what is -9893 + f?
-9884
In base 15, what is 3 - 9776?
-9773
In base 9, what is -30531 - 3?
-30534
In base 13, what is -29b + 5b?
-240
In base 14, what is -b618 - -2?
-b616
In base 12, what is 6 - -1b1040?
1b1046
In base 9, what is -22561 - -104?
-22456
In base 12, what is 478 + 47b?
937
In base 16, what is 170 - 31?
13f
In base 7, what is 2254166 + 5?
2254204
In base 5, what is -4123 - -1103?
-3020
In base 13, what is 3 - -77698?
7769b
In base 7, what is 2 - 150535?
-150533
In base 11, what is 46 + -873?
-828
In base 4, what is 2232 - 3011?
-113
In base 14, what is -2 - 33bd7?
-33bd9
In base 16, what is 26b32 + 4?
26b36
In base 11, what is 4738 - 25?
4713
In base 11, what is -17 + -8946?
-8962
In base 10, what is -103 + 426?
323
In base 2, what is 10 - 110010011001?
-110010010111
In base 2, what is -101001 - 1100011110?
-1101000111
In base 4, what is -113123233 + 12?
-113123221
In base 11, what is -7a + 1021?
a52
In base 12, what is 1658 - a5?
1573
In base 13, what is 42 + 630?
672
In base 6, what is 101 + 1425?
1530
In base 7, what is -2 - 2521123?
-2521125
In base 4, what is 200222 + -102?
200120
In base 11, what is -109 + 531?
423
In base 7, what is -46 + -5364?
-5443
In base 11, what is 11840 - -a?
1184a
In base 6, what is -3 - 301?
-304
In base 14, what is 511 + 19?
52a
In base 7, what is 102655 - -1?
102656
In base 11, what is 6 + 1326?
1331
In base 2, what is 1011011 + 1101000?
11000011
In base 16, what is 204d5 + 5?
204da
In base 15, what is -a + 4c817?
4c80c
In base 13, what is -1aa89a + -1?
-1aa89b
In base 10, what is 7 - 122454?
-122447
In base 5, what is -303434023 + 0?
-303434023
In base 11, what is 25813 + 130?
25943
In base 4, what is 10 - 1322331?
-1322321
In base 5, what is 32 + 243044?
243131
In base 2, what is 100111010101001010 - 101?
100111010101000101
In base 5, what is 10 - -1400331?
1400341
In base 7, what is -3155140 - 0?
-3155140
In base 5, what is 11 + 1321013?
1321024
In base 9, what is -181828 + -4?
-181833
In base 10, what is 47 - -200?
247
In base 6, what is -1 - 1100341?
-1100342
In base 11, what is 1 + -381858?
-381857
In base 14, what is 4 + 7299c?
729a2
In base 3, what is -10 - -102101221220?
102101221210
In base 3, what is -2012212 - 20121?
-2110110
In base 2, what is -10110 + -110001010100001?
-110001010110111
In base 16, what is 3 + 6f3a7?
6f3aa
In base 3, what is 210200201 - -1?
210200202
In base 15, what is -3 - 667b?
-667e
In base 5, what is -104 + 1042314?
1042210
In base 6, what is 110255 - 5?
110250
In base 8, what is 706 - -16?
724
In base 6, what is 35120 - -10?
35130
In base 15, what is 2931a + 4?
2931e
In base 13, what is -250 - 1b?
-26b
In base 7, what is -104 - -323?
216
In base 9, what is 1552 - 816?
635
In base 11, what is -164170 + -4?
-164174
In base 14, what is -49b + 162?
-339
In base 9, what is -1137710 + -1?
-1137711
In base 10, what is -6741 + 1?
-6740
In base 12, what is 18 - 66?
-4a
In base 7, what is -55 - 1305?
-1363
In base 10, what is -4 - -27087?
27083
In base 7, what is -62560 - -151?
-62406
In base 4, what is -113033333 + 3?
-113033330
In base 9, what is 4263 + 4?
4267
In base 11, what is -3960 + 458?
-3503
In base 9, what is 413475 - 4?
413471
In base 16, what is -2 + a7e6?
a7e4
In base 15, what is 9b7 - -24?
9db
In base 12, what is 7 - -2a31b?
2a326
In base 8, what is -42133 - 263?
-42416
In base 3, what is -112 - -102102020010?
102102012121
In base 11, what is 3a2a6a - 1?
3a2a69
In base 14, what is -1486 + 7?
-147d
In base 6, what is -5 + -144?
-153
In base 10, what is -1515 - -947?
-568
In base 10, what is -11491 + -5?
-11496
In base 2, what is 1000110000010111100 - 11?
1000110000010111001
In base 14, what is d529b + 3?
d52a0
In base 8, what is 30536 - 0?
30536
In base 6, what is 11 - -114342?
114353
In base 6, what is -1034535 - 314?
-1035253
In base 6, what is -4133233 - -4?
-4133225
In base 14, what is -311 - -24a2?
2191
In base 3, what is -100110012212 - 210?
-100110020122
In base 6, what is 114 - -1011?
1125
In base 4, what is -3122 + 310330?
301202
In base 13, what is -19598b + 5?
-195986
In base 7, what is -3165 - 401?
-3566
In base 3, what is -20 - 110010100?
-110010120
In base 5, what is -212021242 + -10?
-212021302
In base 4, what is 1210022 + 1003?
1211031
In base 15, what is 53e - 20b9?
-1a7a
In base 4, what is 203203 + -113?
203030
In base 8, what is 20111 - -5?
20116
In base 16, what is 4 - -6967c?
69680
In base 15, what is 8225 + c?
8232
In base 12, what is -24086 - -2?
-24084
In base 2, what is -100101001 - -10000001111?
1011100110
In base 7, what is -465602 - 6?
-465611
In base 7, what is 164 - 6621?
-6424
In base 10, what is -12406 + 1?
-12405
In base 12, what is 9 + -b4a7?
-b49a
In base 11, what is -42 + -36422?
-36464
In base 7, what is 615563 + 3?
615566
In base 4, what is 102001323 + 3?
102001332
In base 4, what is 102332330 - 10?
102332320
In base 11, what is 16 - 11894?
-11879
In base 15, what is -2e + 2818?
27d9
In base 9, what is 8 + -185288?
-185280
In base 9, what is -516 + -187?
-714
In base 7, what is 456 + -2246?
-1460
In base 11, what is -209 + 50?
-169
In base 8, what is -5 + 22777?
22772
In base 2, what is -1110000 - -11011001?
1101001
In base 5, what is 1021300 - -341?
1022141
In base 6, what is -24512251 + 4?
-24512243
In base 6, what is -12525031 + 2?
-12525025
In base 6, what is -310 - -35242?
34532
In base 4, what is 302013310 + -2?
302013302
In base 10, what is 7306 + 0?
7306
In base 5, what is 42103303 - -12?
42103320
In base 8, what is -13126 - 265?
-13413
In base 9, what is -17031 + 0?
-17031
In base 8, what is -7 - -270551?
270542
In base 12, what is b9b + 55?
1034
In base 5, what is 1013211 - -20?
1013231
In base 4, what is -10 + 223200?
223130
In base 4, what is 1121001 + -13?
1120322
In base 9, what is -123 - 823?
-1046
In base 9, what is 2 - -1147562?
1147564
In base 14, what is 460 - 588?
-128
In base 3, what is 1000021212 - -12?
1000022001
In base 15, what is 22 - -606?
628
In base 14, what is -11c00 - -31?
-11bad
In base 2, what is -10 + 110000010110110?
110000010110100
In base 9, what is -1424257 + 4?
-1424253
In base 8, what is -6 - 1737?
-1745
In base 12, what is 1802 - 3?
17bb
In base 7, what is 5 - -2200541?
2200546
In base 4, what is 11 + 11323130?
11323201
In base 5, what is -3011 - -1434?
-1022
In base 9, what is -1382 + 1?
-1381
In base 10, what is -4 - -31921?
31917
In base 11, what is -484 + -261?
-735
In base 11, what is 4a81 + 5?
4a86
In base 6, what is -204200304 - 2?
-204200310
In base 6, what is 250 - -540?
1230
In base 5, what is -2130131 - 0?
-2130131
In base 14, what is 3b8 - 2b5?
103
In base 7, what is -5 - -3453?
3445
In base 13, what is -80 - -20970?
208c0
In base 14, what is 0 - -59756?
59756
In base 9, what is -35 - -1228?
1183
In base 6, what is 30520222 - -2?
30520224
In base 9, what is -23102 - -42?
-23050
In base 11, what is -2 - -442052?
442050
In base 4, what is -1221231 - -3?
-1221222
In base 14, what is -1 + 1a0b70?
1a0b6d
In base 7, what is 165 + -6452?
-6254
In base 7, what is 32446 + 130?
32606
In base 13, what is -3 - -38a32?
38a2c
In base 16, what is -5dab + 6?
-5da5
In base 16, what is a9d + -b?
a92
In base 6, what is 144423 + -113?
144310
In base 13, what is 26243 + -1?
26242
In base 9, what is -617300 - 3?
-617303
In base 7, what is 1320543 + -5?
1320535
In base 9, what is -1537 - 3?
-1541
In base 7, what is 3 - 43454?
-43451
In base 3, what is 112002200110 + 12?
112002200122
In base 9, what is 1165 + -14?
1151
In base 9, what is -2881 + 368?
-2512
In base 15, what is -3 + 4ab4?
4ab1
In base 8, what is 51266 - 0?
51266
In 